619.
618
What is the remainder when 662 is divided by 255?
152
What is the remainder when 13510984 is divided by 218?
216
What is the remainder when 3538 is divided by 155?
128
Calculate the remainder when 174041 is divided by 168.
161
Calculate the remainder when 101828 is divided by 164.
148
Calculate the remainder when 7103 is divided by 349.
123
What is the remainder when 1511 is divided by 353?
99
Calculate the remainder when 6522 is divided by 33.
21
What is the remainder when 10101 is divided by 722?
715
What is the remainder when 167570 is divided by 1180?
10
Calculate the remainder when 2113 is divided by 10.
3
Calculate the remainder when 16187 is divided by 248.
67
What is the remainder when 4168 is divided by 9?
1
Calculate the remainder when 133627 is divided by 44.
43
Calculate the remainder when 9449 is divided by 338.
323
What is the remainder when 126231 is divided by 1108?
1027
Calculate the remainder when 1694 is divided by 140.
14
Calculate the remainder when 203198 is divided by 196.
142
Calculate the remainder when 9748 is divided by 4859.
30
What is the remainder when 82001 is divided by 55?
51
Calculate the remainder when 158685 is divided by 348.
345
Calculate the remainder when 114106 is divided by 188.
178
Calculate the remainder when 15831 is divided by 16.
7
What is the remainder when 4022 is divided by 637?
200
What is the remainder when 163120 is divided by 4408?
24
Calculate the remainder when 8602 is divided by 26.
22
What is the remainder when 19650 is divided by 480?
450
What is the remainder when 109970 is divided by 232?
2
What is the remainder when 13585 is divided by 503?
4
What is the remainder when 1657028 is divided by 150638?
10
Calculate the remainder when 5956 is divided by 195.
106
Calculate the remainder when 9098653 is divided by 1654.
1653
What is the remainder when 706749 is divided by 514?
513
What is the remainder when 952 is divided by 912?
40
What is the remainder when 6558 is divided by 598?
578
What is the remainder when 1592 is divided by 173?
35
Calculate the remainder when 32523 is divided by 18.
15
What is the remainder when 2873 is divided by 57?
23
Calculate the remainder when 338553 is divided by 48364.
5
What is the remainder when 12708 is divided by 6196?
316
What is the remainder when 463085 is divided by 13?
12
What is the remainder when 147677 is divided by 95?
47
Calculate the remainder when 35781 is divided by 33.
9
Calculate the remainder when 143128 is divided by 14311.
18
Calculate the remainder when 79044 is divided by 11.
9
What is the remainder when 947 is divided by 395?
157
Calculate the remainder when 10805 is divided by 75.
5
What is the remainder when 55893 is divided by 58?
39
What is the remainder when 339648 is divided by 11712?
0
What is the remainder when 42655 is divided by 427?
382
What is the remainder when 14362 is divided by 798?
796
What is the remainder when 356892 is divided by 55?
52
Calculate the remainder when 2703 is divided by 13.
12
Calculate the remainder when 83483 is divided by 18.
17
Calculate the remainder when 243772 is divided by 32.
28
Calculate the remainder when 319099 is divided by 45584.
11
Calculate the remainder when 24415 is divided by 4883.
0
Calculate the remainder when 106251 is divided by 26562.
3
Calculate the remainder when 183623 is divided by 179.
148
What is the remainder when 1280 is divided by 256?
0
Calculate the remainder when 10979 is divided by 2742.
11
What is the remainder when 3530 is divided by 1750?
30
What is the remainder when 933 is divided by 168?
93
What is the remainder when 330 is divided by 312?
18
What is the remainder when 14819 is divided by 14808?
11
Calculate the remainder when 28239 is divided by 13.
3
What is the remainder when 1879 is divided by 224?
87
Calculate the remainder when 2766 is divided by 575.
466
What is the remainder when 15724 is divided by 14?
2
What is the remainder when 32530 is divided by 12?
10
What is the remainder when 14805 is divided by 148?
5
Calculate the remainder when 4421 is divided by 244.
29
Calculate the remainder when 15947 is divided by 523.
257
Calculate the remainder when 276127 is divided by 104.
7
What is the remainder when 4912 is divided by 408?
16
What is the remainder when 58474 is divided by 331?
218
What is the remainder when 55215 is divided by 8?
7
What is the remainder when 60261 is divided by 753?
21
Calculate the remainder when 81172 is divided by 8.
4
Calculate the remainder when 4816604 is divided by 24.
20
What is the remainder when 324 is divided by 102?
18
What is the remainder when 54233 is divided by 393?
392
Calculate the remainder when 944 is divided by 439.
66
Calculate the remainder when 63670 is divided by 84.
82
What is the remainder when 17509 is divided by 5834?
7
Calculate the remainder when 8040045 is divided by 1416.
1413
What is the remainder when 9960 is divided by 27?
24
What is the remainder when 13620 is divided by 7?
5
What is the remainder when 327691 is divided by 277?
0
What is the remainder when 29147 is divided by 60?
47
What is the remainder when 14691 is divided by 3672?
3
What is the remainder when 13353 is divided by 139?
9
What is the remainder when 19124 is divided by 683?
0
Calculate the remainder when 26322 is divided by 15.
12
What is the remainder when 180133 is divided by 7205?
8
What is the remainder when 2297023 is divided by 205?
203
What is the remainder when 45022 is divided by 238?
40
What is the remainder when 479718 is divided by 358?
356
Calculate the remainder when 8728 is divided by 8326.
402
Calculate the remainder when 23497 is divided by 513.
412
What is the remainder when 161406 is divided by 269?
6
Calculate the remainder when 136651 is divided by 23.
8
Calculate the remainder when 909 is divided by 209.
73
Calculate the remainder when 19704 is divided by 9.
3
What is the remainder when 25066 is divided by 12505?
56
What is the remainder when 5196 is divided by 103?
46
What is the remainder when 27606 is divided by 103?
2
Calculate the remainder when 1047 is divided by 160.
87
What is the remainder when 24634 is divided by 3518?
8
What is the remainder when 61679 is divided by 16?
15
What is the remainder when 10860 is divided by 28?
24
Calculate the remainder when 3037 is divided by 88.
45
What is the remainder when 3253 is divided by 1063?
64
What is the remainder when 5895 is divided by 185?
160
What is the remainder when 55261 is divided by 747?
730
What is the remainder when 116139 is divided by 37?
33
Calculate the remainder when 27305 is divided by 123.
122
Calculate the remainder when 417613 is divided by 628.
621
Calculate the remainder when 138994 is divided by 138970.
24
What is the remainder when 114579 is divided by 179?
19
Calculate the remainder when 37815 is divided by 3433.
52
Calculate the remainder when 4049 is divided by 2023.
3
Calculate the remainder when 185743 is divided by 1080.
1063
What is the remainder when 346 is divided by 44?
38
What is the remainder when 47574 is divided by 315?
9
What is the remainder when 309613 is divided by 74?
71
Calculate the remainder when 111970 is divided by 31.
29
Calculate the remainder when 1490264 is divided by 2565.
2564
Calculate the remainder when 59007 is divided by 42.
39
What is the remainder when 122316 is divided by 176?
172
Calculate the remainder when 38813 is divided by 27.
14
What is the remainder when 81617 is divided by 106?
103
What is the remainder when 12426 is divided by 33?
18
Calculate the remainder when 98154 is divided by 240.
234
What is the remainder when 91635 is divided by 526?
111
What is the remainder when 6179 is divided by 33?
8
What is the remainder when 551237 is divided by 251?
41
Calculate the remainder when 1461 is divided by 63.
12
What is the remainder when 348012 is divided by 5705?
7
Calculate the remainder when 19450 is divided by 556.
546
What is the remainder when 1120 is divided by 1120?
0
What is the remainder when 44203 is divided by 100?
3
What is the remainder when 3223 is divided by 628?
83
Calculate the remainder when 10601 is divided by 105.
101
What is the remainder when 2778 is divided by 964?
850
What is the remainder when 20808 is divided by 4927?
1100
Calculate the remaind